the tens digit of q?
6
Let r = 83 + -122. Let y = 77 + r. What is the units digit of y?
8
Let h be 60/(-24)*18/5. Let v be 452/(-6) + (-3)/h. Let i = -26 - v. What is the units digit of i?
9
Suppose -757 = -5*s + p + 393, 0 = s - 4*p - 211. Let n = s - 15. What is the units digit of n?
6
Let s(i) = 4*i + 97. Let p be s(0). Suppose -3*k = -2*g - 52 - 226, 0 = -k + 5*g + p. What is the tens digit of k?
9
Suppose -4*r - f = -1067, 2*r + r = f + 809. What is the hundreds digit of r?
2
Let p = 1 + -4. Let k be 11 - 1/(-4 - p). Let h = k + 4. What is the units digit of h?
6
Suppose 9*n + 9044 = 26*n. What is the units digit of n?
2
Let g = 17 - 25. Let k(y) = 5*y**2 - 12*y - 10. Let j(m) = -14*m**2 + 36*m + 29. Let r(a) = -6*j(a) - 17*k(a). What is the tens digit of r(g)?
2
Suppose -976 = -3*g - v, 5*v + 458 = g + 106. What is the hundreds digit of g?
3
Suppose -12*y + 13932 = -20208. What is the tens digit of y?
4
Let w = 42 - -496. What is the hundreds digit of w?
5
Let t = 19 + -34. What is the units digit of (9/t)/(1/(-5))?
3
Let a(i) = -i**2 - 38*i - 35. What is the units digit of a(-13)?
0
Suppose 2789 = 12*y - 12763. What is the tens digit of y?
9
Let o(l) = 33*l + 164. What is the tens digit of o(3)?
6
Let m be 77/6 - (-6)/36. Suppose 7*k = m*k - 30. Suppose 25 = k*x - 2*w, -w + 3*w + 13 = x. What is the units digit of x?
3
Suppose 21 = 4*c - 3*a, 5*c - 15 = 4*c + 4*a. Let s be (21*-37)/c*-4. What is the units digit of 3/(-18) + s/24?
3
Suppose 200*m = 214*m - 26362. What is the thousands digit of m?
1
Let f = 40 + -42. What is the units digit of (43 - 10)*f/(-3)?
2
Let v = -38 - -42. Suppose -4*u + 153 = u - 4*o, v*u - 120 = 4*o. What is the units digit of u?
3
Let r(w) = -w**3 + 10*w**2 - 14*w - 11. What is the units digit of r(6)?
9
Suppose 3*u + 15 = y, 5*u + 25 = -5*y + 2*y. Suppose y = 5*j - j - 112. What is the tens digit of j?
2
Let h(k) = 7*k + 1. Let z be h(-3). Let a be (-5)/z - 3302/(-8). What is the tens digit of 2/4 - a/(-14)?
3
Let k = -25 - -101. Suppose -5*x - 4*u + 21 = 0, 2*u - 4*u = -5*x + 27. Suppose 0 = 5*v - f - k, 5*v + f - x*f - 64 = 0. What is the tens digit of v?
1
Let o = 160 - 125. What is the units digit of o?
5
Let h(q) = -1. Let l(f) = -f**2 - 11*f - 21. Let t(b) = 4*h(b) + l(b). Let p be t(-12). Let g = -13 - p. What is the units digit of g?
4
Let m = 273 + -61. Suppose 0*w = -4*w + m. What is the units digit of w?
3
Let v = -41 + 69. Let s = v + -8. What is the units digit of s?
0
Let b = 44 - 29. Let l = 18 - b. Suppose -6 = -2*y - 5*w - 0, 0 = -l*w - 6. What is the units digit of y?
8
Let h(j) = -j + 16. Let d be h(12). What is the units digit of 4 + 0 - -35 - d?
5
Let w be 1*-1*(0 - 3)*1. Suppose -l - w*f + 20 = 0, 0 = -5*l - 6*f + 3*f + 112. What is the tens digit of l?
2
Let k = -2089 - -3696. What is the tens digit of k?
0
Let j = 36 - -466. Suppose -7*p = -212 - j. What is the tens digit of p?
0
Let f(n) = -n. Let m be f(-5). Suppose -y + m + 56 = 0. What is the tens digit of y?
6
Let g(l) = l - 9. Let j be g(9). Let v be 142*3*4/24. Suppose t - k = 29, j = -3*t - k - 4*k + v. What is the units digit of t?
7
Let v(r) = 77*r + 13. Let p be v(5). Suppose -p - 54 = -5*k - u, 0 = 3*k - 4*u - 285. What is the tens digit of k?
9
Suppose -4*h + 5*o = h - 60, -4*o = 8. Suppose -4*l - 40 = -2*p, -4*l - h = 4*p + 6. What is the tens digit of (-477)/(-12) - 2/l?
4
Suppose -2*p = -5*z + 395, -z - 79 = -2*z - 4*p. Suppose -x = 5*m - 5*x - 386, -z = -m - x. What is the tens digit of m?
7
Let l(w) = w**2 - 7*w. Let t = 10 - 4. Let n be l(t). What is the units digit of (-2 - (-57)/n)*-2?
3
Let v = 5 - -5. Suppose -z + 27 = 4*a, -v*z - 141 = -14*z - 5*a. What is the tens digit of z?
3
Suppose 12*c = c + 55. Let z = c + 147. What is the tens digit of z?
5
Let u(t) = t**2 + 9*t + 10. Let s be u(-7). Let b = s - -8. Suppose -235 = -j - b*j. What is the units digit of j?
7
Let k(z) = -z - 11. Let m be k(-11). Let x be (m - 1)/((-12)/348). Suppose 3*g - x = i + i, i = 4*g - 37. What is the units digit of g?
9
Suppose -4*k + 2*b = -26, 3*k + 0*k - 3*b = 27. Suppose k*d = 3*d + 94. What is the tens digit of d?
9
Let m(t) be the third derivative of 5*t**4/24 - 5*t**3 - 3*t**2. What is the tens digit of m(12)?
3
Suppose 107 = 5*k - 23. Let u = k + -54. Let q = u + 56. What is the tens digit of q?
2
Suppose -t = 4*t - 15. Let w = -287 - -285. What is the tens digit of (69 + 8)*(t + w)?
7
Let n be 3/9 - 21/9. What is the tens digit of n/16 + 964/32?
3
Let o = 75 - -18. Let v = -8 + 11. Suppose -v*f + 36 = a, -f = 5*a - o - 129. What is the units digit of a?
5
Let w(y) = -25*y - 16. Let p(l) = 126*l + 81. Let c(z) = 2*p(z) + 11*w(z). What is the tens digit of c(-3)?
5
Let q be 1 + (-476)/(-8)*-2. Let j = -55 - q. Let l = j - 39. What is the tens digit of l?
2
Suppose -3*z = -3*q + 99, 46 = 2*q + 3*z - 45. Let m = -6 + q. What is the tens digit of m?
3
Let f be 2/(-7) - 2664/84. What is the units digit of (-1 + 2)/(3 + f/11)?
1
Suppose -5*s + 0 + 10 = 0. Suppose s*o = -o. Suppose 2*w - 4*l - 16 + 2 = o, 2*w = 5*l + 13. What is the units digit of w?
9
Suppose 28 = -3*h + 103. Suppose -h = -3*d + 20. What is the tens digit of d?
1
Let u(s) = 4*s**2 + 2*s - 3. Suppose p = 3*w - 8, -4*p + 3*w = 4*w - 20. What is the tens digit of u(p)?
6
Let j(c) = 5*c - 6. Let h be j(6). Let y = h - -6. What is the units digit of y?
0
Let n = -273 + 472. What is the units digit of n?
9
Let g(r) = r**2 - 23*r + 314. What is the tens digit of g(-58)?
1
Let u(q) = 3*q**2 - 2*q + 965. What is the tens digit of u(0)?
6
Suppose 17973 = 15*i - 22887. What is the tens digit of i?
2
Suppose 12*k = 13*k - 141. What is the hundreds digit of k?
1
Suppose a + 561 = 4*w + 1782, 4*a = 3*w + 4910. What is the tens digit of a?
2
Let d be -3 - -2*(-6)/(-4) - 0. Let c(o) = o**3 + 2*o**2 - 2*o + 223. What is the tens digit of c(d)?
2
Suppose -2*l = -8, l + 4529 = 5*w - 7747. What is the thousands digit of w?
2
Let m = -58 - -63. Let j(f) = 3*f**2 - f - 3. What is the units digit of j(m)?
7
Let v be 4*4/((-48)/(-9)). Suppose 3*m + 5*t + 2 = 0, -v = 2*t + 5. Let o = 7 - m. What is the units digit of o?
1
Let c = -214 + 393. What is the hundreds digit of c?
1
Suppose -2436 = -25*s + 889. What is the units digit of s?
3
Suppose l - 3155 = 3*j, -110*j = l - 105*j - 3147. What is the hundreds digit of l?
1
Let v(h) = -9 + 7 - 10*h + 16. What is the units digit of v(-6)?
4
Let k = 57 - -398. What is the tens digit of k?
5
Suppose 0 = 4*y - 7*y - 165. Let t = -18 - y. What is the units digit of t?
7
Suppose -2*l - 140 = 20. Let u = l - -112. What is the tens digit of u?
3
Let l = 5638 - 2663. What is the thousands digit of l?
2
Let i(m) = -6*m + 10. Let c be i(10). Let a = c - -86. What is the tens digit of a?
3
What is the units digit of (-49)/(-147) - (2 - (-3916)/(-6))?
1
Let q = 1126 - -416. What is the hundreds digit of q?
5
Let s = -84 + 1537. What is the thousands digit of s?
1
Let y(v) = -v + 5. Let h be y(5). Suppose 4*u + 125 - 337 = h. What is the tens digit of u?
5
Let b(z) = 3*z**2 + 3*z + 1. Let o(i) = 3*i**2 + 3*i + 1. Let c(f) = 5*b(f) - 4*o(f). Let t = 1 + -3. What is the units digit of c(t)?
7
Suppose a = -2*r + 664 + 455, 4*a + 12 = 0. Let i = r + -314. What is the tens digit of i?
4
Let t(y) = -5*y**2 - 380*y - 159. What is the units digit of t(-73)?
6
Let v(w) = -6*w**3 - 28*w**2 - 4*w + 12. Let n(h) = -2*h**3 - 9*h**2 - h + 4. Let k(q) = 7*n(q) - 2*v(q). What is the tens digit of k(-5)?
7
Let k = 142 + -97. Let b = k + -8. Suppose 0 = -2*a + 21 + b. What is the units digit of a?
9
Suppose 1059 = 4*l - 7849. What is the tens digit of l?
2
Suppose t - 5*t - 4 = 0. Let i be 234 + t + -2 + 5. Suppose i = l + 3*l. What is the tens digit of l?
5
Let z = 652 - -133. What is the units digit of z?
5
Let h = -98 - -140. Let i = -8 + h. What is the units digit of i?
4
Let b(o) = 3*o**2 + 35*o - 51. What is the hundreds digit of b(13)?
9
Suppose 0 = -r + 4*g + 2, 2*r - 3*g = 6 + 13. Let j be (-2)/(-2 + (-6)/(-4)). Suppose -x + r = j. What is the units digit of x?
0
Let o = 38 + 479. Suppose -5*l - a + 857 = 3*a, 3*l - o = -a. Let h = l - 119. What is the units digit of h?
4
Let g = 168 - 106. Suppose -g - 86 = -2*r. What is the units digit of r?
4
Suppose 2*s + 3